{"id":51053,"date":"2025-12-12T10:03:43","date_gmt":"2025-12-12T09:03:43","guid":{"rendered":"https:\/\/www.respaldo.org\/?page_id=51053"},"modified":"2025-12-12T10:03:43","modified_gmt":"2025-12-12T09:03:43","slug":"51053-2","status":"publish","type":"page","link":"https:\/\/www.respaldo.org\/?page_id=51053","title":{"rendered":"Interpretaci\u00f3n simult\u00e1nea remota &#8211; ISR"},"content":{"rendered":"[et_pb_section fb_built=\u00bb1&#8243; admin_label=\u00bbsection\u00bb _builder_version=\u00bb4.16&#8243; global_colors_info=\u00bb{}\u00bb theme_builder_area=\u00bbpost_content\u00bb][et_pb_row admin_label=\u00bbrow\u00bb _builder_version=\u00bb4.16&#8243; background_size=\u00bbinitial\u00bb background_position=\u00bbtop_left\u00bb background_repeat=\u00bbrepeat\u00bb global_colors_info=\u00bb{}\u00bb theme_builder_area=\u00bbpost_content\u00bb][et_pb_column type=\u00bb4_4&#8243; _builder_version=\u00bb4.16&#8243; custom_padding=\u00bb|||\u00bb global_colors_info=\u00bb{}\u00bb custom_padding__hover=\u00bb|||\u00bb theme_builder_area=\u00bbpost_content\u00bb][et_pb_text admin_label=\u00bbText\u00bb _builder_version=\u00bb4.16&#8243; background_size=\u00bbinitial\u00bb background_position=\u00bbtop_left\u00bb background_repeat=\u00bbrepeat\u00bb global_colors_info=\u00bb{}\u00bb theme_builder_area=\u00bbpost_content\u00bb]\n<p id=\"block-bfcabb22-f1fd-4460-8b8b-d4b1ff025cb4\">La interpretaci\u00f3n simult\u00e1nea remota (ISR, o RSI por sus siglas en ingl\u00e9s) permite traducir a distancia encuentros presenciales,&nbsp;remotos o <a href=\"https:\/\/respaldo.org\/eventos-hibridos\/\">h\u00edbridos<\/a>. Se utiliza para la interpretaci\u00f3n tanto de reuniones por videoconferencia, como de grandes congresos y eventos internacionales a m\u00faltiples idiomas, recurriendo a los mejores int\u00e9rpretes de cada combinaci\u00f3n y especialidad sea cual sea su lugar de residencia, puesto que ya no es imprescindible que se desplacen a la sede del encuentro.<\/p>\n\n\n\n<div class=\"wp-block-image\"><figure class=\"aligncenter size-large\"><img decoding=\"async\" src=\"https:\/\/www.respaldo.org\/wp-content\/uploads\/2025\/12\/Gabinete-Respaldo-C.jpg\" alt=\"Gabinete Respaldo IC\" class=\"wp-image-6883\"\/><figcaption>Gabinete Respaldo<\/figcaption><\/figure><\/div>\n\n\n\n<p id=\"block-b0a94b19-a700-4aa0-b85b-bdffea995de4\">Para facilitar esta prestaci\u00f3n a distancia se han desarrollado tantas plataformas de interpretaci\u00f3n simult\u00e1nea remota, que es f\u00e1cil perderse entre la multitud de marcas comerciales y especificaciones t\u00e9cnicas.<\/p>\n\n\n\n<p id=\"block-4a8ff444-7f6c-4302-9d6a-d96fc98a96eb\">Para orientarse en esa jungla, conviene recordar que adem\u00e1s de int\u00e9rpretes profesionales especializados y expertos, un buen servicio de interpretaci\u00f3n requiere tres factores esenciales:<\/p>\n\n\n\n<ul class=\"wp-block-list\"><li><a href=\"https:\/\/respaldo.org\/requisitos-tecnicos-para-interpretacion-simultanea-remota\/\">Requisitos t\u00e9cnicos<\/a><\/li><li><a href=\"https:\/\/respaldo.org\/asistencia-tecnica\/\">Asistencia t\u00e9cnica<\/a><\/li><li><a href=\"https:\/\/respaldo.org\/7002-2\/\">Trabajo en equipo<\/a><\/li><\/ul>\n\n\n\n<p>Respaldo le asesora sobre cada uno de estos puntos, y si lo desea se hace cargo de todos los aspectos de su gesti\u00f3n.<\/p>\n[\/et_pb_text][\/et_pb_column][\/et_pb_row][\/et_pb_section]","protected":false},"excerpt":{"rendered":"<p>La interpretaci\u00f3n simult\u00e1nea remota (ISR, o RSI por sus siglas en ingl\u00e9s) permite traducir a distancia encuentros presenciales,&nbsp;remotos o h\u00edbridos. Se utiliza para la interpretaci\u00f3n tanto de reuniones por videoconferencia, como de grandes congresos y eventos internacionales a m\u00faltiples idiomas, recurriendo a los mejores int\u00e9rpretes de cada combinaci\u00f3n y especialidad sea cual sea su lugar [&hellip;]<\/p>\n","protected":false},"author":1,"featured_media":0,"parent":0,"menu_order":0,"comment_status":"closed","ping_status":"closed","template":"","meta":{"_et_pb_use_builder":"on","_et_pb_old_content":"","_et_gb_content_width":"","footnotes":""},"class_list":["post-51053","page","type-page","status-publish","hentry"],"_links":{"self":[{"href":"https:\/\/www.respaldo.org\/index.php?rest_route=\/wp\/v2\/pages\/51053","targetHints":{"allow":["GET"]}}],"collection":[{"href":"https:\/\/www.respaldo.org\/index.php?rest_route=\/wp\/v2\/pages"}],"about":[{"href":"https:\/\/www.respaldo.org\/index.php?rest_route=\/wp\/v2\/types\/page"}],"author":[{"embeddable":true,"href":"https:\/\/www.respaldo.org\/index.php?rest_route=\/wp\/v2\/users\/1"}],"replies":[{"embeddable":true,"href":"https:\/\/www.respaldo.org\/index.php?rest_route=%2Fwp%2Fv2%2Fcomments&post=51053"}],"version-history":[{"count":3,"href":"https:\/\/www.respaldo.org\/index.php?rest_route=\/wp\/v2\/pages\/51053\/revisions"}],"predecessor-version":[{"id":51057,"href":"https:\/\/www.respaldo.org\/index.php?rest_route=\/wp\/v2\/pages\/51053\/revisions\/51057"}],"wp:attachment":[{"href":"https:\/\/www.respaldo.org\/index.php?rest_route=%2Fwp%2Fv2%2Fmedia&parent=51053"}],"curies":[{"name":"wp","href":"https:\/\/api.w.org\/{rel}","templated":true}]}}